r when 4969332 is divided by 386.
354
Calculate the remainder when 8010434 is divided by 143.
3
Calculate the remainder when 633921901 is divided by 14.
11
Calculate the remainder when 75176102 is divided by 2830.
2812
Calculate the remainder when 45485069 is divided by 546.
539
What is the remainder when 366884 is divided by 36468?
2204
What is the remainder when 935996 is divided by 1467?
50
Calculate the remainder when 999891 is divided by 119.
53
What is the remainder when 198613 is divided by 196795?
1818
Calculate the remainder when 46701 is divided by 120.
21
Calculate the remainder when 12877623 is divided by 147.
129
What is the remainder when 286241 is divided by 45?
41
What is the remainder when 441509 is divided by 5299?
1692
What is the remainder when 52288 is divided by 3952?
912
What is the remainder when 500108 is divided by 249976?
156
What is the remainder when 44238792 is divided by 123?
120
Calculate the remainder when 1308520 is divided by 977.
317
Calculate the remainder when 311770 is divided by 103866.
172
Calculate the remainder when 336936 is divided by 93.
90
Calculate the remainder when 415317 is divided by 22985.
1587
What is the remainder when 446787 is divided by 68?
27
What is the remainder when 12859395 is divided by 326?
325
Calculate the remainder when 169284 is divided by 84561.
162
What is the remainder when 53781625 is divided by 26890801?
23
Calculate the remainder when 256137161 is divided by 25.
11
What is the remainder when 499018 is divided by 723?
148
Calculate the remainder when 403558 is divided by 2655.
2653
What is the remainder when 130941645 is divided by 3723?
12
Calculate the remainder when 1399391 is divided by 657.
638
What is the remainder when 255948951 is divided by 49?
48
What is the remainder when 3429157 is divided by 24670?
27
What is the remainder when 117556 is divided by 8721?
4183
What is the remainder when 286850755 is divided by 92?
91
What is the remainder when 255828 is divided by 23?
22
Calculate the remainder when 1477692 is divided by 16602.
114
Calculate the remainder when 282760 is divided by 975.
10
Calculate the remainder when 910800 is divided by 39596.
92
What is the remainder when 117580930 is divided by 87?
82
What is the remainder when 137743 is divided by 45734?
541
Calculate the remainder when 79539 is divided by 665.
404
What is the remainder when 2197596 is divided by 6?
0
What is the remainder when 8870488 is divided by 3830?
208
Calculate the remainder when 298484 is divided by 298455.
29
Calculate the remainder when 69139587 is divided by 15.
12
Calculate the remainder when 50434146 is divided by 8149.
8134
Calculate the remainder when 284977 is divided by 1730.
1257
Calculate the remainder when 270162 is divided by 44970.
342
What is the remainder when 315771 is divided by 1410?
1341
Calculate the remainder when 35721669 is divided by 285.
54
Calculate the remainder when 172117 is divided by 2358.
2341
Calculate the remainder when 230932 is divided by 416.
52
What is the remainder when 65384 is divided by 3808?
648
Calculate the remainder when 4312233 is divided by 1437404.
21
What is the remainder when 174236822 is divided by 97?
87
Calculate the remainder when 729168495 is divided by 122.
115
What is the remainder when 11006 is divided by 32?
30
What is the remainder when 922862 is divided by 102500?
362
What is the remainder when 293050 is divided by 8321?
1815
What is the remainder when 9659798 is divided by 439079?
60
Calculate the remainder when 1355090 is divided by 32.
18
What is the remainder when 2331321 is divided by 466261?
16
Calculate the remainder when 6099507 is divided by 1524866.
43
What is the remainder when 217541 is divided by 318?
29
Calculate the remainder when 179681 is divided by 1593.
1265
What is the remainder when 32233640 is divided by 408?
8
Calculate the remainder when 361138 is divided by 106.
102
What is the remainder when 413912 is divided by 103463?
60
What is the remainder when 42534806 is divided by 51?
41
What is the remainder when 16664497 is divided by 4315?
4282
What is the remainder when 1126771 is divided by 2845?
151
Calculate the remainder when 100215 is divided by 2006.
1921
Calculate the remainder when 231196 is divided by 77029.
109
What is the remainder when 56636812 is divided by 193?
190
What is the remainder when 1566609 is divided by 4048?
33
What is the remainder when 46135 is divided by 22692?
751
What is the remainder when 235852 is divided by 39260?
292
Calculate the remainder when 32051 is divided by 1374.
449
Calculate the remainder when 23938 is divided by 2016.
1762
Calculate the remainder when 1867729 is divided by 751.
743
What is the remainder when 755806 is divided by 43?
38
Calculate the remainder when 172829 is divided by 405.
299
Calculate the remainder when 80235 is divided by 11421.
288
What is the remainder when 3083157 is divided by 966?
651
What is the remainder when 523090 is divided by 16346?
18
Calculate the remainder when 297611403 is divided by 9238.
9233
What is the remainder when 1014276 is divided by 337868?
672
Calculate the remainder when 1047731 is divided by 1732.
1603
What is the remainder when 2720264 is divided by 2696?
0
Calculate the remainder when 19826486 is divided by 862020.
26
What is the remainder when 846410 is divided by 15105?
530
Calculate the remainder when 1259851 is divided by 104987.
7
What is the remainder when 158675 is divided by 9851?
1059
What is the remainder when 386492 is divided by 459?
14
Calculate the remainder when 31833 is divided by 2220.
753
Calculate the remainder when 109209469 is divided by 138415.
34
What is the remainder when 11336141 is divided by 80?
61
What is the remainder when 454242 is divided by 7944?
1434
What is the remainder when 563644 is divided by 70452?
28
Calculate the remainder when 66702 is divided by 65422.
1280
What is the remainder when 648640355 is divided by 28?
27
What is the remainder when 1841201 is divided by 919804?
1593
What is the remainder when 334117 is divided by 7593?
25
Calculate the remainder when 3042629 is divided by 57408.
5
Calculate the remainder when 13625381 is divided by 6812662.
57
What is the remainder when 29900192 is divided by 30?
2
What is the remainder when 24749876 is divided by 478?
470
What is the remainder when 538680 is divided by 134669?
4
Calculate the remainder when 3410692 is divided by 1576.
228
Calculate the remainder when 195608 is divided by 71.
3
Calculate the remainder when 197653 is divided by 98826.
1
What is the remainder when 62727 is divided by 38?
27
Calculate the remainder when 1885479 is divided by 9735.
6624
What is the remainder when 4495721 is divided by 119?
20
Calculate the remainder when 236208 is divided by 38.
0
Calculate the remainder when 9092294 is divided by 1872.
1862
Calculate the remainder when 614732 is divided by 17561.
97
What is the remainder when 9345130 is divided by 4599?
4561
Calculate the remainder when 134109 is divided by 17.
13
Calculate the remainder when 9640556 is divided by 8.
4
What is the remainder when 62853210 is divided by 13210?
30
What is the remainder when 6315170 is divided by 104?
82
Calculate the remainder when 12311 is divided by 2471.
2427
What is the remainder when 275336 is divided by 274634?
702
What is the remainder when 52595517 is divided by 960?
957
Calculate the remainder when 1969344 is divided by 160.
64
Calculate the remainder when 2348119 is divided by 16200.
15319
Calculate the remainder when 335765 is divided by 4093.
139
What is the remainder when 76668 is divided by 2641?
79
Calculate the remainder when 166946 is divided by 665.
31
Calculate the remainder when 29909 is divided by 1300.
9
Calculate the remainder when 1067200 is divided by 2004.
1072
Calculate the remainder when 124922048 is divided by 58.
24
What is the remainder when 4820230 is divided by 145?
140
What is the remainder when 2101577 is divided by 1870?
1567
Calculate the remainder when 4659254 is divided by 135.
134
What is the remainder when 2208745 is divided by 4443?
574
What is the remainder when 3088552 is divided by 57195?
22
Calculate the remainder when 386320 is divided by 190855.
4610
Calculate the remainder when 820458 is d